
Let k(y) = -y. Let m(h) = -7*h + 5. Let z(p) = -6*k(p) + m(p). Suppose -2*a - 3*a = 20, 0 = s - 5*a - 25. What is z(s)?
0
Let p(s) be the third derivative of -s**5/60 - 13*s**2. Determine p(-2).
-4
Let j(s) be the second derivative of 9*s**5/20 - s**3/6 - 3*s. Calculate j(-1).
-8
Let n(w) be the second derivative of w**4/24 - w**3/6 - 11*w**2/2 + 5*w. Let f(t) be the first derivative of n(t). Suppose -1 = 3*g + 8. Give f(g).
-4
Let t(k) = -k**2 + 5*k - 6. Let x = 111 - 106. Give t(x).
-6
Suppose 2*m - m - 2 = 0. Let k(f) = -2*f - 1. Suppose -o + 3 = -2*o + 4*v, 3*v - 1 = o. Let x(c) = -3*c - 1. Let t(j) = o*k(j) - 4*x(j). Calculate t(m).
3
Let n(k) = 33*k**2 - 34*k**2 + 3*k - 4 + 5 + 5. Calculate n(-4).
-22
Let o(w) = w**3 - 5*w**2 - w + 1. Let p(k) be the first derivative of -k**2/2 + 4*k + 2. Let b be p(3). Let j = b + 4. Calculate o(j).
-4
Let f(j) be the first derivative of j**4/4 - 2*j**3 + 7*j**2/2 - 4*j + 1. Let g be 15/6*6/3. What is f(g)?
6
Let v(g) = -3*g - 2. Suppose 4*j + 12 = -5*z, 9 = 5*z + 3*j - 6*j. Suppose 3*m + 2 + 10 = z. Determine v(m).
10
Let b(c) = -c**3 - 2*c**2 - 1. Let z(p) = -5*p**2 + 7*p - 3. Let f(j) = -b(j) - z(j). Calculate f(-8).
-4
Let p(k) = k**2 - k. Let g(r) = 6*r**2 - 4*r + 1. Let z(y) = g(y) - 5*p(y). Give z(-3).
7
Let n(j) = -4*j + 3. Let s(l) be the third derivative of l**5/60 + l**3/3 + 3*l**2. Let x be s(0). Calculate n(x).
-5
Let r(y) = 9*y**3 + 7*y**2 + 2*y. Let l(f) = -4*f**3 - 4*f**2 - f. Suppose 0*m + m + 6 = 0. Let n(i) = m*r(i) - 11*l(i). Give n(1).
-9
Let d(c) = 10*c**2 + 14*c + 12. Let h(a) = -3*a**2 - 5*a - 4. Let k(w) = 2*d(w) + 7*h(w). Let o(g) be the first derivative of k(g). Calculate o(-5).
3
Suppose 3*f - 4 = 4*t, 5*t - 2 - 8 = 0. Let c(k) = f - 5 + k**2 - 1 + 3. Let b = 2 + -1. Give c(b).
2
Let o(z) = -z**3 - z**2 - z - 2. Let x = -13 + 20. Suppose -x = 4*w + 1. Determine o(w).
4
Let n(i) = -i**3 + 0*i**3 + 2 + 6*i + 3*i**2 - 1 - 7*i**2. What is n(-5)?
-4
Let n be 2 + -3 - (0 + 1). Let a(z) = -8*z**2 - 3*z - 2. Let h = -3 - -4. Let f(v) = -v**2 - v - 1. Let q(w) = h*a(w) + n*f(w). What is q(-1)?
-5
Let f(q) = -3*q + 2. Suppose 5*n = 15 - 25. What is f(n)?
8
Let x(d) = -5*d + 10. Let z(v) = v - 1. Let r(j) = x(j) + 3*z(j). Let f be ((-3)/(-4))/((-3)/(-24)). What is r(f)?
-5
Suppose -4*w = w + 20. Let v be w*((-6)/(-2))/(-6). Suppose v*i = -0*i - 6. Let b(j) = -j**2 - j + 1. Determine b(i).
-5
Let n(k) = k**2 + 2*k - 1. Let j be n(-3). Let l(m) = -7 + 5*m + m**2 - 5*m**2 - 6*m + 3*m**j. Determine l(0).
-7
Let s be (3 + (-11)/4)*20. Suppose -18 = -4*z + 50. Suppose -3*y + 0*n - n = 7, 0 = s*y + 3*n + z. Let i(w) = -3*w**2. Calculate i(y).
-3
Let l(m) = -m**2 - m - 7. Let t(y) = 5*y**2 + 4*y + 29. Let n(x) = 9*l(x) + 2*t(x). Suppose -2*q + 5 = 1. Suppose -2 = 2*j, -q*u - 3 = 4*j - 7. Give n(u).
7
Let q(b) = b + 1. Let g(z) = -2*z - 1. Let j(w) = -2*g(w) - 5*q(w). Suppose -5*t = 18 + 2. Give j(t).
1
Let q(n) = n**3 - 7*n**2 - 10*n + 12. Let r = 17 + -9. What is q(r)?
-4
Let h = -18 - -35. Let v = h - 14. Let x(i) = 6*i + 3 - 2*i - i**2 - 3*i. Calculate x(v).
-3
Let k(y) = 3*y**2 - 2*y + 1. Suppose 51 = 5*x - 9. Suppose 5*u + 10 = -4*b, -u - 2*b = -2*u + x. Determine k(u).
9
Let t(b) = b**2 - 7*b - 5. Let h be t(10). Let f = -15 + h. Let r be 10/(-1)*(-4)/f. Let q(y) = y**3 - 3*y**2 - 4*y - 4. Give q(r).
-4
Let u(a) = -2*a**2 - a**3 - 2*a + a + 2*a + 3. Let n = -15 + 14. Let b be -1 - (n - -5)/2. Calculate u(b).
9
Let q(d) = -d**2 - 8*d - 4. Let y = 20 - 18. Let x be y*(-9)/2 + 3. Calculate q(x).
8
Let k(x) = -3*x**2 + x + 1. Let w = -10 + 7. Let s(c) = 3*c**2 - 1. Let f(p) = w*s(p) - 2*k(p). Give f(1).
-4
Let m(b) = b**2 - 6. Suppose 2*t - 9 = 2*f + 5*t, -9 = -4*f + 3*t. Give m(f).
-6
Suppose -l + 4 = -3*l. Let x be (2 + l)*2/4. Let n(b) = -b**3 - 10. Calculate n(x).
-10
Let g(j) = -2*j - 17. Let v be g(-9). Let w(f) be the first derivative of 1/2*f**2 + v + f. Determine w(5).
6
Let m(j) = j**2 - 3*j - 2. Let w(p) be the second derivative of p**3/6 - p**2/2 - p. Let z be w(2). Let d = 4 - z. What is m(d)?
-2
Let v(d) be the third derivative of -3/40*d**6 + 0 + 1/6*d**3 + 3*d**2 + 0*d + 0*d**4 - 1/30*d**5. What is v(-1)?
8
Let n(l) = l**2 + l + 5. Let o be n(0). Let v(f) = f**2 - 10*f - 2. Let w(y) = -y**2 + 11*y + 3. Let x(z) = 5*v(z) + 4*w(z). What is x(o)?
-3
Let n(a) = 5*a**3 - 2*a + 1. Let m be n(1). Suppose -j + 2*x + 6 = -3*j, 5*j = -m*x - 16. Let o(i) = -i**3 - 6*i**2 - 4*i + 5. What is o(j)?
-11
Let i(m) = 5*m + 4. Let u(d) = -d + 1. Let z(n) = -i(n) - u(n). Determine z(5).
-25
Let k(o) = -61*o - 60*o + 120*o + 2 - o**2. What is k(-3)?
-4
Let c(q) = -2*q + 2. Suppose 3 = -2*l + n + 11, 1 = -l - 2*n. Suppose -3*a = -l*v - 3, 2*v + 21 = -3*v - 3*a. Calculate c(v).
8
Let g = -12 + 21. Suppose 3*b - 21 = -3*y, -y + 3*b = 5*b - 11. Let w(d) = d**2 + d + y - d - d - g. Determine w(0).
-6
Let k(j) be the first derivative of j**2/2 - 7*j - 1. Let i be 4*3/6*-1. Let z be (i - 0/(-2)) + 2. What is k(z)?
-7
Let v = 11 + -6. Let k(b) be the third derivative of -b**5/60 + 5*b**4/24 - b**3/3 + b**2. Calculate k(v).
-2
Let j(n) = 1 + 5*n - n - 6 + 5*n. Let v(a) = 5*a - 3. Let h(i) = 6*j(i) - 10*v(i). What is h(-1)?
-4
Suppose -1 - 19 = -4*q. Let t(z) = -5*z + 1 - q*z - z. What is t(-1)?
12
Let l = 25 + -22. Let f(p) = 2*p**2 - 3*p - 1. Give f(l).
8
Let f be (2/(-3))/((-1)/3). Let y(d) = f - 3*d - 5 - d**2 - 2*d. Suppose -3*q - 8 = k, -3*q - 13*k + 9*k = 14. Give y(q).
3
Let x(o) = -o**2 - 3 - o**3 + 5*o**2 + 0*o**2. Let k be -2 + 2 + 2 + 1. Suppose 6 = -h + k*h. Calculate x(h).
6
Suppose 3*w - 15 = 0, 4*b - 3*w = 3*b - 10. Let f = b - 7. Let j(o) = -2*o**2 - 2*o + 2. What is j(f)?
-2
Let l(d) = 6*d + 5. Let u(a) = -1. Let r(c) = -l(c) - 2*u(c). Give r(3).
-21
Let i = 2 + -2. Let c(u) = -3 + i + u + 2. Suppose 3*v + 2*v = -2*p - 18, 4*p - v - 8 = 0. Calculate c(p).
0
Let g(j) = -7*j**2 + 2*j**2 + 5*j + 4*j**2 + 4. Let m be g(6). Let s(c) = -2*c + 7. Let d(h) = -5*h + 20. Let k(r) = -4*d(r) + 11*s(r). Calculate k(m).
1
Let s(v) = 1 - 6 + 6 + 2*v. Let m be 3/(-6) + (-1)/2. Determine s(m).
-1
Let u(j) = -7*j**2 + 6*j**2 - 3*j - 2 + 4. Determine u(-4).
-2
Let y(r) be the first derivative of -1/3*r**3 - 2 - 8*r + 1/2*r**2. Let g be -1 - (-3 - (-8)/4). Give y(g).
-8
Let y(c) = -c**3 - 5*c**2 - 4*c - 2. Let w(o) = -4*o**3 - 16*o**2 - 12*o - 7. Let f(u) = 2*w(u) - 7*y(u). Determine f(4).
0
Suppose 0 = 4*n - 3*n + 1. Let j(s) = -s - s + 53*s**3 - 1 - 54*s**3. Determine j(n).
2
Let g = -94 - -95. Let t(l) = -10*l**3 + l**2 - 1. Give t(g).
-10
Let s(y) = y + 3. Let v = -13 - -25. Suppose -4*o - v = -0*o. Give s(o).
0
Let w(c) = -c**3 + 8 + 5*c**2 - 4*c - 2 + 2*c**2 - 4*c. Let m = -6 + 12. Give w(m).
-6
Let m(x) be the third derivative of -x**7/5040 - x**6/80 + x**5/30 - 4*x**2. Let w(d) be the third derivative of m(d). Suppose 3 = -s - 1. What is w(s)?
-5
Let o(h) = -5*h - 5 + 0 + 4*h. Suppose v + 30 = -4*j, -3*j - v = -j + 16. What is o(j)?
2
Let j(s) = -7*s**3 + 12*s**2 - 5*s + 11. Let q(t) = 3*t**3 - 6*t**2 + 3*t - 5. Let z(l) = 2*j(l) + 5*q(l). Give z(5).
-3
Let p(l) = 5*l - 7. Let o be p(2). Suppose 0 = -o*x + 3 - 18. Let w(d) = -d**2 - 3*d + 6. Calculate w(x).
-4
Let s(u) = u - 13. Let k be s(12). Let n(t) = 3*t + 11. Let a(v) = 2*v + 7. Let r(h) = -8*a(h) + 5*n(h). Calculate r(k).
0
Let v(g) = g**3 - 4*g**2 - 6*g - 1. Suppose x + 0*x - 5 = 0. Determine v(x).
-6
Suppose -4*d - 25 = 5*h, -4*h + 3*h = -d - 4. Let i(u) = -u**2 - 3*u + 5. Give i(d).
-5
Let f(w) = -5*w - 1. Let l be f(-1). Let v be 1/2*0 - l. Let q(r) = r**2 - r + 1. Let b(t) = -4*t**2 + 9*t - 7. Let i(o) = b(o) + 5*q(o). What is i(v)?
-2
Let h = -62 + 59. Let s(c) = -6*c**2 - 16*c - 1. Let w(g) = 2*g**2 + 5*g. Let v(b) = -2*s(b) - 7*w(b). What is v(h)?
-7
Let t be (-1)/(2/(-1 - -9)). Let r(w) = -w - 6. Let c be r(t). Let q(m) = 3*m**2 + 4*m + 3. Determine q(c).
7
Let a(o) = o. Suppose 3*w - 2 - 1 = 0. Give a(w).
1
Let v(f) = -8*f + 9. Let z(i) = 7*i - 8. Let t(j) = 5*v(j) + 6*z(j). What is t(-3)?
-9
Let x(c) = 8*c - 2. Let g(k) = -9*k + 3. Let b(d) = -4*g(d) - 5*x(d). Let u(m) = 0 + 81*m + 0 - 80*m. Let p(t) = b(t) + 3*u(t). Give p(-1).
-1
Let r(t) = -t. Let u = -3 + 12. Let d(p) = p - 7. Let h be d(u). Suppose h = -s - 3. Determine r(